{"id":183,"date":"2024-09-09T19:31:15","date_gmt":"2024-09-09T19:31:15","guid":{"rendered":"https:\/\/www.vantaafutsal.fi\/?page_id=183"},"modified":"2024-09-23T16:57:31","modified_gmt":"2024-09-23T16:57:31","slug":"futsal","status":"publish","type":"page","link":"http:\/\/www.vantaafutsal.fi\/index.php\/futsal\/","title":{"rendered":"Futsal"},"content":{"rendered":"<style>.kb-row-layout-id183_4421a4-67 > .kt-row-column-wrap{align-content:center;}:where(.kb-row-layout-id183_4421a4-67 > .kt-row-column-wrap) > .wp-block-kadence-column{justify-content:center;}.kb-row-layout-id183_4421a4-67 > .kt-row-column-wrap{column-gap:var(--global-kb-gap-md, 2rem);row-gap:var(--global-kb-gap-md, 2rem);max-width:var( --global-content-width, 1290px );padding-left:var(--global-content-edge-padding);padding-right:var(--global-content-edge-padding);padding-top:0px;padding-right:var(--global-kb-spacing-sm, 1.5rem);padding-bottom:var(--global-kb-spacing-5xl, 10rem);padding-left:var(--global-kb-spacing-sm, 1.5rem);min-height:650px;grid-template-columns:minmax(0, 1fr);}.kb-row-layout-id183_4421a4-67{background-image:url('https:\/\/www.vantaafutsal.fi\/wp-content\/uploads\/2024\/09\/Futsal-tausta-jalat.jpg');background-size:cover;background-position:46% 50%;background-attachment:fixed;background-repeat:no-repeat;}.kb-row-layout-id183_4421a4-67 > .kt-row-layout-overlay{opacity:1;background:linear-gradient(135deg,rgb(14,0,179) 0%,rgba(14,0,179,0.7) 99%);mix-blend-mode:normal;}.kb-row-layout-id183_4421a4-67 .kt-row-layout-bottom-sep{height:105px;}.kb-row-layout-id183_4421a4-67 .kt-row-layout-bottom-sep svg{width:100%;}.kb-row-layout-id183_4421a4-67 .kt-row-layout-bottom-sep svg{fill:var(--global-palette9, #ffffff)!important;}@media all and (max-width: 1024px), only screen and (min-device-width: 1024px) and (max-device-width: 1366px) and (-webkit-min-device-pixel-ratio: 2) and (hover: none){.kb-row-layout-id183_4421a4-67{background-attachment:scroll;}}@media all and (max-width: 1024px){.kb-row-layout-id183_4421a4-67 > .kt-row-column-wrap{grid-template-columns:minmax(0, 1fr);}}@media all and (max-width: 1024px){.kb-row-layout-id183_4421a4-67 .kt-row-layout-bottom-sep{height:px;}}@media all and (max-width: 1024px){.kb-row-layout-id183_4421a4-67 .kt-row-layout-bottom-sep svg{width:%;}}@media all and (max-width: 767px){.kb-row-layout-id183_4421a4-67 > .kt-row-column-wrap{padding-top:var(--global-kb-spacing-xl, 4rem);padding-bottom:var(--global-kb-spacing-xl, 4rem);grid-template-columns:minmax(0, 1fr);}.kb-row-layout-id183_4421a4-67 .kt-row-layout-bottom-sep{height:px;}.kb-row-layout-id183_4421a4-67 .kt-row-layout-bottom-sep svg{width:%;}}<\/style><div class=\"kb-row-layout-wrap kb-row-layout-id183_4421a4-67 alignfull kt-row-has-bg kt-jarallax kb-divider-static wp-block-kadence-rowlayout\" data-img-position=\"46% 50%\" data-img-size=\"cover\"><div class=\"kt-row-layout-overlay kt-row-overlay-gradient\"><\/div><div class=\"kt-row-layout-bottom-sep kt-row-sep-type-threelevels\"><svg viewBox=\"0 0 1000 100\" preserveAspectRatio=\"none\"><path style=\"opacity: 0.33\" d=\"M0 95L1000 0v100H0v-5z\"><\/path><path style=\"opacity: 0.66\" d=\"M0 95l1000-67.944V100H0v-5z\"><\/path><path d=\"M0 95l1000-40.887V100H0v-5z\"><\/path><\/svg><\/div><div class=\"kt-row-column-wrap kt-has-1-columns kt-row-layout-equal kt-tab-layout-inherit kt-mobile-layout-row kt-row-valign-middle kb-theme-content-width\">\n<style>.kadence-column183_fcdbcb-fa > .kt-inside-inner-col,.kadence-column183_fcdbcb-fa > .kt-inside-inner-col:before{border-top-left-radius:0px;border-top-right-radius:0px;border-bottom-right-radius:0px;border-bottom-left-radius:0px;}.kadence-column183_fcdbcb-fa > .kt-inside-inner-col{column-gap:var(--global-kb-gap-sm, 1rem);}.kadence-column183_fcdbcb-fa > .kt-inside-inner-col{flex-direction:column;}.kadence-column183_fcdbcb-fa > .kt-inside-inner-col > .aligncenter{width:100%;}.kadence-column183_fcdbcb-fa > .kt-inside-inner-col:before{mix-blend-mode:normal;}.kadence-column183_fcdbcb-fa{position:relative;}@media all and (max-width: 1024px){.kadence-column183_fcdbcb-fa > .kt-inside-inner-col{flex-direction:column;justify-content:center;}}@media all and (max-width: 767px){.kadence-column183_fcdbcb-fa > .kt-inside-inner-col{flex-direction:column;justify-content:center;}}<\/style>\n<div class=\"wp-block-kadence-column kadence-column183_fcdbcb-fa inner-column-1\"><div class=\"kt-inside-inner-col\"><style>.wp-block-kadence-advancedheading.kt-adv-heading183_e8e917-bf, .wp-block-kadence-advancedheading.kt-adv-heading183_e8e917-bf[data-kb-block=\"kb-adv-heading183_e8e917-bf\"]{padding-top:var(--global-kb-spacing-xl, 4rem);margin-top:var(--global-kb-spacing-xs, 1rem);text-align:center;font-size:80px;line-height:1;font-style:normal;color:#fff3f3;}.wp-block-kadence-advancedheading.kt-adv-heading183_e8e917-bf mark.kt-highlight, .wp-block-kadence-advancedheading.kt-adv-heading183_e8e917-bf[data-kb-block=\"kb-adv-heading183_e8e917-bf\"] mark.kt-highlight{font-style:normal;color:#f76a0c;-webkit-box-decoration-break:clone;box-decoration-break:clone;padding-top:0px;padding-right:0px;padding-bottom:0px;padding-left:0px;}.wp-block-kadence-advancedheading.kt-adv-heading183_e8e917-bf img.kb-inline-image, .wp-block-kadence-advancedheading.kt-adv-heading183_e8e917-bf[data-kb-block=\"kb-adv-heading183_e8e917-bf\"] img.kb-inline-image{width:150px;vertical-align:baseline;}@media all and (max-width: 1024px){.wp-block-kadence-advancedheading.kt-adv-heading183_e8e917-bf, .wp-block-kadence-advancedheading.kt-adv-heading183_e8e917-bf[data-kb-block=\"kb-adv-heading183_e8e917-bf\"]{font-size:60px;}}@media all and (max-width: 767px){.wp-block-kadence-advancedheading.kt-adv-heading183_e8e917-bf, .wp-block-kadence-advancedheading.kt-adv-heading183_e8e917-bf[data-kb-block=\"kb-adv-heading183_e8e917-bf\"]{font-size:40px;}}<\/style>\n<h1 class=\"kt-adv-heading183_e8e917-bf wp-block-kadence-advancedheading\" data-kb-block=\"kb-adv-heading183_e8e917-bf\">Futsal<\/h1>\n\n\n\n<p class=\"has-theme-palette-7-color has-text-color has-link-color wp-elements-e10650d04f33bb774b59e1156689489c\">Monet kutsuvat futsalia jalkapallon pikkuveljeksi, mutta varsinkin huipulla se on hyvin erilainen peli. Futsalin kehityksest\u00e4 on esitetty monia eri versioita. Yleisimmin kuulee sanottavan, ett\u00e4 futsal on keksitty jo 1930-luvulla Uruguayn Montevideossa. Nimi futsal tulee portugalin kielen sanoista Futebol de Salao, joka tarkoittaa salijalkapalloa. Eurooppaan laji rantautui 60-luvun lopulla. Hollannissa pelattiin ensimm\u00e4inen kansallinen sarja vuonna 1969.<\/p>\n\n\n\n<p class=\"has-theme-palette-9-color has-text-color has-link-color wp-elements-3b077fe5345d36ffd5b0a309ccda20b1\">Futsalissa kent\u00e4ll\u00e4 on kerrallaan 4 kentt\u00e4pelaajaa ja maalivahti. P\u00f6yt\u00e4kirjaan voi merkit\u00e4 enint\u00e4\u00e4n 14 pelaajaa per. ottelu. Vaihdot ovat edestakaiset ja \u201dlent\u00e4v\u00e4t\u201d.&nbsp;<\/p>\n\n\n\n<p class=\"has-theme-palette-7-color has-text-color has-link-color wp-elements-77af82ec8bda28e05251fe06458de357\">Kansainv\u00e4lisiss\u00e4 otteluissa, kansallisissa sarjoissa sek\u00e4 piirinsarjoissamme 3Div. l\u00e4htien pelataan 2 x 20 minuuttia tehokasta peliaikaa. Futsalissa ei ole paitsiota. Rajaheiton sijasta potkaistaan rajapotku ja maalipotkun sijasta maaliheitto. Rajapotkussa vastusta ei saa olla 5m l\u00e4hemp\u00e4n\u00e4 palloa. Rajapotku potkaistaa viivalta, ei v\u00e4li\u00e4 onko pelaaja jalat kent\u00e4n sis\u00e4 tai ulkopuolella.<\/p>\n\n\n\n<p class=\"has-theme-palette-7-color has-text-color has-link-color wp-elements-e5379f298dd4c6905298b7c1c395c20a\">Futsalissa lasketaan kumuloituvia rikkomuksia (vrt. koripallo). Kuudennesta rikkomuksesta alkaen vastajoukkue saa potkaista vapaapotkun vapaavalintaisesti joko toisesta&nbsp;ran\u00adgais\u00adtus\u00adpot\u00adku\u00adpis\u00adtees\u00adt\u00e4&nbsp;(10 metrin p\u00e4\u00e4ss\u00e4 maalista) tai rikkomuspaikasta. Rikkoneen joukkueen pelaajat eiv\u00e4t saa olla maalivahtia lukuun ottamatta pallon edess\u00e4. Kumuloituvat rikkomukset \u201dnollautuvat\u201d puoliajalla.<\/p>\n\n\n\n<p class=\"has-theme-palette-7-color has-text-color has-link-color wp-elements-9650cd806d4bf361e10ec0eecd09d381\">Maalivahti avaa pelin (maaliheitto) aina heitt\u00e4m\u00e4ll\u00e4. Palloa ei voi pelata\/palauttaa maalivahdille takaisin ennen kuin vastustaja on koskettanut palloon.<br>Virallisissa otteluissa on kaksi erotuomaria. Pelaajan saadessa punaisen kortin joutuu joukkue pelaamaan kaksi minuuttia vajaalla. Jos vastustaja tekee maalin kahden minuutin aikana, voi punaisen kortin saanut joukkue jatkaa peli\u00e4 t\u00e4ysilukuisena maalin j\u00e4lkeen (vrt. j\u00e4\u00e4kiekon 2 min. j\u00e4\u00e4hy). Punaisen kortin saanut pelaaja ei voi en\u00e4\u00e4 palata peliin.<\/p>\n\n\n\n<p class=\"has-theme-palette-7-color has-text-color has-link-color wp-elements-c9b00994356f9c305ff1436a34d680e4\">Pelikent\u00e4n mitat kansainv\u00e4lisiss\u00e4 otteluissa on 38-42 x 18-22 metri\u00e4 ja maalin 2 x 3 metri\u00e4. Futsalpallo on samankokoinen kuin jalkapallo nro 4, mutta futsalpallon pomppuominaisuuksia on vaimennettu.<\/p>\n\n\n\n<p class=\"has-theme-palette-7-color has-text-color has-link-color wp-elements-2d7ec51113bf80279cdb1953ae40bef9\">FUTSAL MAAILMALLA<\/p>\n\n\n\n<p class=\"has-theme-palette-7-color has-text-color has-link-color wp-elements-c679254df0e27f47e0cde00e4dd017e2\">Futsalia pelataan ymp\u00e4ri maailmaa ja pelaajia on useita kymmeni\u00e4 miljoonia (n.25miljoonaa). Pelk\u00e4st\u00e4\u00e4n Italiassa on noin 4 miljoonaa futsalin harrastajaa. Jalkapallon harrastajia Italiassa on \u201dvain\u201d noin miljoona. My\u00f6s Espanjassa ja Brasiliassa arvioidaan olevan enemm\u00e4n futsalin kuin jalkapallon harrastajia. Nyky\u00e4\u00e4n ammattilaissarjoja pelataan jo useissa maissa mm. Espanjassa, Italiassa, Ven\u00e4j\u00e4ll\u00e4, Portugalissa, Japanissa ja Brasiliassa. Monet jalkapallon entiset ja nykyiset supert\u00e4hdet, mm. Messi, C.Ronaldo, Coutinho, Robinho, Neymar, Iniesta, Xavi, L.Figo, Zico, Ronaldo, Ronaldinho, Pele, Socrates ja Bebeto ovat oppineet h\u00e4mm\u00e4stytt\u00e4v\u00e4t taitonsa futsalia pelaamalla. L\u00e4hes jokainen brasilialainen junioripelaaja pelaakin futsalia ennen kuin siirtyy pelaamaan varsinaista jalkapalloa.&nbsp;<\/p>\n\n\n\n<p class=\"has-theme-palette-7-color has-text-color has-link-color wp-elements-5f726fa07f748b8a6aafb594242940e7\">My\u00f6s Suomalaisia futsalistoja on muutamia p\u00e4\u00e4ssyt ammattilaiskentille maistamaan futsal ammattilais pelaajan el\u00e4m\u00e4\u00e4: Panu Autio, Jukka Kytol\u00e4, Miika Hosio, Jani Korpela, maalivahdit Juha-Matti Savolainen, Antti Koivum\u00e4ki sek\u00e4 pohjoismaiden ensimm\u00e4inen nais ammattilaispelaaja maalivahti Leena Lepikonm\u00e4ki.<\/p>\n\n\n\n<p class=\"has-theme-palette-7-color has-text-color has-link-color wp-elements-5cf4a8547818a3f3cf824725e37c4077\">FUTSAL SUOMESSA<\/p>\n\n\n\n<p class=\"has-theme-palette-7-color has-text-color has-link-color wp-elements-2921636a250f107576b2e98630f441ed\">Suomessa maan korkein sarjataso on&nbsp;<a href=\"https:\/\/fi.wikipedia.org\/wiki\/Futsal-liiga\">Futsal-liiga<\/a>&nbsp;ja sen alapuolella on&nbsp;<a href=\"https:\/\/fi.wikipedia.org\/wiki\/Futsal-ykk%C3%B6nen\">Futsal-ykk\u00f6nen<\/a>. Molemmat ovat Suomen Palloliiton hallinnoimia valtakunnallisia sarjoja. N\u00e4iden kahden kansallisen sarjan lis\u00e4ksi sarjaj\u00e4rjestelm\u00e4 ulottuu Palloliiton piiritason sarjoissa aina&nbsp;<a href=\"https:\/\/fi.wikipedia.org\/wiki\/Futsal-Vitonen\">5. divisioonaan<\/a>&nbsp;asti. Futsalissa pelataan my\u00f6s kaikille seuroille avoin&nbsp;<a href=\"https:\/\/fi.wikipedia.org\/wiki\/Futsal_Cup\">Futsal Cup<\/a>&nbsp;ja kauden avaava&nbsp;<a href=\"https:\/\/fi.wikipedia.org\/wiki\/Futsal_Super_Cup\">Futsal Super Cup<\/a>, jossa pelaa vastakkain edellisen kauden Futsal Cupin ja Futsal-liigan voittajat.<\/p>\n\n\n\n<p class=\"has-theme-palette-7-color has-text-color has-link-color wp-elements-0577656103246fbaa1ac99a34a744db7\">Suomea edustaa miesten EM- ja MM-karsinnoissa&nbsp;<a href=\"https:\/\/fi.wikipedia.org\/wiki\/Suomen_futsalmaajoukkue\">Suomen futsalmaajoukkue<\/a>&nbsp;ja naisten EM-karsinnoissa&nbsp;<a href=\"https:\/\/fi.wikipedia.org\/wiki\/Suomen_naisten_futsalmaajoukkue\">Suomen naisten futsalmaajoukkue<\/a>.&nbsp;<strong><u><strong>Naisten Futsal-liiga&nbsp;<\/strong><\/u><\/strong>on kaudella 2011\u20132012 ensimm\u00e4ist\u00e4 kertaa pelattu naisten&nbsp;<a href=\"https:\/\/fi.wikipedia.org\/wiki\/Futsal\">futsalin<\/a>&nbsp;korkein sarjataso sen alla on valtakunallinen Naisten Futsal-Ykk\u00f6nen. Naisten sarjaj\u00e4rjestelm\u00e4 ulottuu piiritason sarjoissa aina 4. divisioonaan asti.<\/p>\n\n\n\n<p class=\"has-theme-palette-7-color has-text-color has-link-color wp-elements-dc596e5d46f0dbcc2f7c10f1cf1cc5a9\">MILLAINEN PELI FUTSAL ON?<\/p>\n\n\n\n<p class=\"has-theme-palette-7-color has-text-color has-link-color wp-elements-f0039d79f02750967392dd7c122fa92b\">Futsal on vauhdikas sis\u00e4peli, jota voi pelata my\u00f6s ulkona. Jalkapalloa huomattavasti pienemm\u00e4n kent\u00e4n johdosta laji vaatii pelaajilta paljon taito-ominaisuuksia, nopeita oivalluksia ja vilkasta pelisilm\u00e4\u00e4. Samoja asioita kuin jalkapallossakin, mutta viel\u00e4 paljon korostetummin. Pelitilan ja pelaajien m\u00e4\u00e4r\u00e4\u00e4n suhteutettuna futsalissa pelaajilla on huomattavasti v\u00e4hemm\u00e4n aikaa reagoida tilanteisiin kuin jalkapallossa. Siksi peli vaatiikin huipputasolla pelaajien erimomaisen pallotaidon lis\u00e4ksi hyv\u00e4\u00e4 peli\u00e4ly\u00e4 ja kent\u00e4llisten hyv\u00e4\u00e4 yhteispeli\u00e4. Taktiset oivallukset ja niiden noudattaminen on peliss\u00e4 t\u00e4rke\u00e4\u00e4.<\/p>\n\n\n\n<p class=\"has-theme-palette-7-color has-text-color has-link-color wp-elements-45c69b3cb76c6c276b144aec618c284e\">Ju\u00adnio\u00adri\u00adjal\u00adka\u00adpal\u00adloi\u00adli\u00adjoil\u00adle&nbsp;futsal on mit\u00e4 parhain taidon ja peli\u00e4lyn kehitt\u00e4mismuoto. Pienell\u00e4 kent\u00e4ll\u00e4 kaikki p\u00e4\u00e4sev\u00e4t osalliseksi peliin. Pelin aikana kaikille tulee paljon kosketuksia palloon ja pelaajat oppivat hallitsemaan palloa ahtaassa tilassa. Futsalin avulla on helppo kehitt\u00e4\u00e4 pallonhallintaa ja tekniikkaa. Futsal tuo mukavaa vaihtelua harjoitteluun, josta on varmasti hy\u00f6ty\u00e4 my\u00f6s jalkapallokentill\u00e4.<\/p>\n\n\n\n<p class=\"has-theme-palette-7-color has-text-color has-link-color wp-elements-71c689c0236583d91e9a92b97bf2c941\">Pienell\u00e4 kent\u00e4ll\u00e4 pelaajat oppivat reagoimaan nopeasti vaihtuviin tilanteisiin, jolloin my\u00f6s pelisilm\u00e4 kehittyy. Futsalissa p\u00e4rj\u00e4\u00e4 my\u00f6s fyysisesti heikommat, sill\u00e4 kontakti ei ole aivan niin vahvasti sallittu kuin jalkapallossa. N\u00e4in my\u00f6s pienemm\u00e4t saavat mahdollisuuden loistaa, kun eiv\u00e4t j\u00e4\u00e4 isompien jalkoihin. My\u00f6s maalivahdit hy\u00f6tyv\u00e4t futsalista, sill\u00e4 etenkin l\u00e4hitorjuntoja tulee pelin aikana paljon ja pallon pelaaminen jalalla kehittyy.<\/p>\n\n\n\n<p class=\"has-theme-palette-7-color has-text-color has-link-color wp-elements-79560434f1472cd50289ad7dcacbaaaf\">Futsalissa olosuhteet ovat aina tasaisen hyv\u00e4t.<\/p>\n<\/div><\/div>\n\n<\/div><\/div>\n\n<style>.kb-row-layout-id183_8e6783-aa > .kt-row-column-wrap{align-content:start;}:where(.kb-row-layout-id183_8e6783-aa > .kt-row-column-wrap) > .wp-block-kadence-column{justify-content:start;}.kb-row-layout-id183_8e6783-aa > .kt-row-column-wrap{column-gap:var(--global-kb-gap-md, 2rem);row-gap:var(--global-kb-gap-md, 2rem);max-width:768px;margin-left:auto;margin-right:auto;padding-top:var(--global-kb-spacing-4xl, 8rem);padding-bottom:var(--global-kb-spacing-xxl, 5rem);grid-template-columns:minmax(0, 1fr);}.kb-row-layout-id183_8e6783-aa > .kt-row-layout-overlay{opacity:0.30;}.kb-row-layout-id183_8e6783-aa ,.kb-row-layout-id183_8e6783-aa h1,.kb-row-layout-id183_8e6783-aa h2,.kb-row-layout-id183_8e6783-aa h3,.kb-row-layout-id183_8e6783-aa h4,.kb-row-layout-id183_8e6783-aa h5,.kb-row-layout-id183_8e6783-aa h6{color:var(--global-palette3, #1A202C);}.kb-row-layout-id183_8e6783-aa a{color:var(--global-palette1, #3182CE);}.kb-row-layout-id183_8e6783-aa a:hover{color:var(--global-palette2, #2B6CB0);}.kb-row-layout-id183_8e6783-aa .kt-row-layout-top-sep{height:100px;}.kb-row-layout-id183_8e6783-aa .kt-row-layout-top-sep svg{width:100%;}.kb-row-layout-id183_8e6783-aa .kt-row-layout-top-sep svg{fill:var(--global-palette9, #ffffff)!important;}@media all and (max-width: 1024px){.kb-row-layout-id183_8e6783-aa > .kt-row-column-wrap{grid-template-columns:minmax(0, 1fr);}}@media all and (max-width: 767px){.kb-row-layout-id183_8e6783-aa > .kt-row-column-wrap{grid-template-columns:minmax(0, 1fr);}}<\/style><div class=\"kb-row-layout-wrap kb-row-layout-id183_8e6783-aa alignfull has-theme-palette8-background-color kt-row-has-bg kb-divider-static wp-block-kadence-rowlayout\"><div class=\"kt-row-layout-top-sep kt-row-sep-type-sltl\"><svg viewBox=\"0 0 1000 100\" preserveAspectRatio=\"none\"><path d=\"M1000,0l-1000,100l1000,0l0,-100Z\" \/><\/svg><\/div><div class=\"kt-row-column-wrap kt-has-1-columns kt-row-layout-equal kt-tab-layout-inherit kt-mobile-layout-row kt-row-valign-top\">\n<style>.kadence-column183_d350ff-81 > .kt-inside-inner-col,.kadence-column183_d350ff-81 > .kt-inside-inner-col:before{border-top-left-radius:0px;border-top-right-radius:0px;border-bottom-right-radius:0px;border-bottom-left-radius:0px;}.kadence-column183_d350ff-81 > .kt-inside-inner-col{column-gap:var(--global-kb-gap-sm, 1rem);}.kadence-column183_d350ff-81 > .kt-inside-inner-col{flex-direction:column;}.kadence-column183_d350ff-81 > .kt-inside-inner-col > .aligncenter{width:100%;}.kadence-column183_d350ff-81 > .kt-inside-inner-col:before{opacity:0.3;}.kadence-column183_d350ff-81{position:relative;}@media all and (max-width: 1024px){.kadence-column183_d350ff-81 > .kt-inside-inner-col{flex-direction:column;justify-content:center;}}@media all and (max-width: 767px){.kadence-column183_d350ff-81 > .kt-inside-inner-col{flex-direction:column;justify-content:center;}}<\/style>\n<div class=\"wp-block-kadence-column kadence-column183_d350ff-81\"><div class=\"kt-inside-inner-col\"><\/div><\/div>\n\n<\/div><\/div>","protected":false},"excerpt":{"rendered":"<p>Futsal Monet kutsuvat futsalia jalkapallon pikkuveljeksi, mutta varsinkin huipulla se on hyvin erilainen peli. Futsalin kehityksest\u00e4 on esitetty monia eri versioita. Yleisimmin kuulee sanottavan, ett\u00e4 futsal on keksitty jo 1930-luvulla Uruguayn Montevideossa. Nimi futsal tulee portugalin kielen sanoista Futebol de Salao, joka tarkoittaa salijalkapalloa. Eurooppaan laji rantautui 60-luvun lopulla. Hollannissa pelattiin ensimm\u00e4inen kansallinen sarja vuonna&#8230;<\/p>\n","protected":false},"author":1,"featured_media":0,"parent":0,"menu_order":0,"comment_status":"closed","ping_status":"closed","template":"","meta":{"_kadence_starter_templates_imported_post":false,"_kad_post_transparent":"","_kad_post_title":"","_kad_post_layout":"","_kad_post_sidebar_id":"","_kad_post_content_style":"","_kad_post_vertical_padding":"","_kad_post_feature":"","_kad_post_feature_position":"","_kad_post_header":false,"_kad_post_footer":false,"_kad_post_classname":"","footnotes":""},"class_list":["post-183","page","type-page","status-publish","hentry"],"_links":{"self":[{"href":"http:\/\/www.vantaafutsal.fi\/index.php\/wp-json\/wp\/v2\/pages\/183"}],"collection":[{"href":"http:\/\/www.vantaafutsal.fi\/index.php\/wp-json\/wp\/v2\/pages"}],"about":[{"href":"http:\/\/www.vantaafutsal.fi\/index.php\/wp-json\/wp\/v2\/types\/page"}],"author":[{"embeddable":true,"href":"http:\/\/www.vantaafutsal.fi\/index.php\/wp-json\/wp\/v2\/users\/1"}],"replies":[{"embeddable":true,"href":"http:\/\/www.vantaafutsal.fi\/index.php\/wp-json\/wp\/v2\/comments?post=183"}],"version-history":[{"count":8,"href":"http:\/\/www.vantaafutsal.fi\/index.php\/wp-json\/wp\/v2\/pages\/183\/revisions"}],"predecessor-version":[{"id":588,"href":"http:\/\/www.vantaafutsal.fi\/index.php\/wp-json\/wp\/v2\/pages\/183\/revisions\/588"}],"wp:attachment":[{"href":"http:\/\/www.vantaafutsal.fi\/index.php\/wp-json\/wp\/v2\/media?parent=183"}],"curies":[{"name":"wp","href":"https:\/\/api.w.org\/{rel}","templated":true}]}}